e 12, what is -b3 + -2?
-b5
In base 8, what is 33 - -4?
37
In base 4, what is -10 - 2000111?
-2000121
In base 16, what is 9 + 2?
b
In base 6, what is 0 + 343?
343
In base 13, what is 0 - -41?
41
In base 13, what is 2 + 23?
25
In base 6, what is -225 - 5?
-234
In base 7, what is 2 + 204?
206
In base 11, what is -357 - 4?
-360
In base 4, what is -11 - 11311?
-11322
In base 9, what is 5 + 27?
33
In base 3, what is -102101 - -202?
-101122
In base 5, what is 2 + -2341?
-2334
In base 9, what is 2841 + 5?
2846
In base 6, what is 1 + 12030?
12031
In base 11, what is 1 - -28?
29
In base 16, what is 2 - 2ff?
-2fd
In base 13, what is 17 + 6b?
85
In base 15, what is 17 + -32?
-1a
In base 2, what is 1101000011 + -10?
1101000001
In base 9, what is -5 + 37?
32
In base 11, what is -3 + 5a?
57
In base 13, what is 3 + 1474?
1477
In base 10, what is 123 - -4?
127
In base 14, what is -117 - -2d?
-c8
In base 8, what is -4 - 13447?
-13453
In base 8, what is -3 - 120?
-123
In base 10, what is 12 + -9?
3
In base 2, what is 101 - -1111100?
10000001
In base 6, what is 4 + 1153?
1201
In base 14, what is 4 - 354?
-350
In base 9, what is 2423 + -17?
2405
In base 12, what is -164 - -7?
-159
In base 3, what is 22 + 210?
1002
In base 11, what is -2230 + a?
-2221
In base 14, what is -2203 - -1?
-2202
In base 3, what is 20112 - 1?
20111
In base 16, what is d1 - -9?
da
In base 16, what is -8 + 69?
61
In base 8, what is -530 + -42?
-572
In base 5, what is -10 - -20033?
20023
In base 8, what is -2 + 5415?
5413
In base 4, what is -2 - -1123?
1121
In base 2, what is 10011111101111 - 0?
10011111101111
In base 3, what is 2101 - 21?
2010
In base 2, what is -100010000101 - 101?
-100010001010
In base 5, what is -3 - 1300?
-1303
In base 6, what is -102 + 340?
234
In base 8, what is 1270 + 5?
1275
In base 15, what is -3 - -30?
2c
In base 12, what is -14 - 10?
-24
In base 5, what is -12142 + 1?
-12141
In base 12, what is 0 - -134?
134
In base 16, what is -2 + 6a?
68
In base 7, what is -1 + -16450?
-16451
In base 16, what is -2b - -1f?
-c
In base 11, what is -213a + 3?
-2137
In base 3, what is -1 + -1122100?
-1122101
In base 13, what is -129 + -2?
-12b
In base 12, what is -3 - 1ba?
-201
In base 15, what is -7 + -49?
-51
In base 14, what is -1c48 - -3?
-1c45
In base 16, what is -1b - -3b1?
396
In base 13, what is -355 - 4?
-359
In base 11, what is -1103 - 3?
-1106
In base 8, what is -1 - 20?
-21
In base 14, what is 17 - -2?
19
In base 2, what is -1101 - -10001100?
1111111
In base 6, what is -1 + -1?
-2
In base 7, what is -45 - 135?
-213
In base 2, what is -1011 + 1011?
0
In base 2, what is 1110000111 + -1?
1110000110
In base 5, what is 10101 - -4?
10110
In base 13, what is 13a - 2?
138
In base 10, what is -3222 - 4?
-3226
In base 15, what is -ad + -66?
-124
In base 11, what is -11 - 5?
-16
In base 16, what is -5 + -9a?
-9f
In base 4, what is -12113 - -2?
-12111
In base 13, what is -b - 27?
-35
In base 5, what is 12 + -1404?
-1342
In base 4, what is 2 - -321?
323
In base 15, what is -4 - 1e9?
-1ed
In base 9, what is 5 - 13?
-7
In base 7, what is -3153 + 2?
-3151
In base 16, what is 5f + 3?
62
In base 3, what is 10001 + -10112?
-111
In base 10, what is -5 + 11?
6
In base 8, what is -3 - 205?
-210
In base 9, what is 428 - -12?
441
In base 12, what is -3 - -662?
65b
In base 11, what is -72 - 0?
-72
In base 13, what is -13 + -5c?
-72
In base 14, what is -1 - 39?
-3a
In base 5, what is -132402 + 4?
-132343
In base 15, what is -58 - 0?
-58
In base 10, what is 12 + -215?
-203
In base 9, what is -5 + -518?
-524
In base 13, what is -2ab6 + -4?
-2aba
In base 4, what is 1 - -103312?
103313
In base 3, what is 2 + -2000?
-1221
In base 12, what is 3 + 0?
3
In base 15, what is -6 - -7a?
74
In base 8, what is -3 - 714?
-717
In base 11, what is -3 + 47?
44
In base 6, what is -5 - -1224?
1215
In base 10, what is 5 + -352?
-347
In base 15, what is -725a - -2?
-7258
In base 10, what is -1 + -127?
-128
In base 11, what is -38 - -3?
-35
In base 13, what is 8 - a6?
-9b
In base 7, what is -1 - -11?
10
In base 9, what is 2 - -1171?
1173
In base 6, what is -1 - -5433?
5432
In base 15, what is -3 + -1?
-4
In base 4, what is -1 + 1230?
1223
In base 10, what is 8 + 21?
29
In base 5, what is 100 - -240?
340
In base 12, what is -540 - 6?
-546
In base 2, what is -101011101111100 - 101?
-101011110000001
In base 9, what is 4 - 1475?
-1471
In base 12, what is 3 - 112?
-10b
In base 11, what is 85 + 38?
112
In base 6, what is -3 - -41050?
41043
In base 7, what is -10 + -1644?
-1654
In base 3, what is 1001 + 11?
1012
In base 13, what is 4b + -4?
47
In base 7, what is 14 - -21?
35
In base 13, what is -1 - 414?
-415
In base 10, what is 10 + -113?
-103
In base 14, what is 9 - -315?
320
In base 6, what is -14 - -101?
43
In base 8, what is -4 + 514?
510
In base 15, what is -1 + -616?
-617
In base 9, what is -3 - -1652?
1648
In base 3, what is 11002 - -102?
11111
In base 15, what is -2 + 162?
160
In base 7, what is 1 - 60?
-56
In base 16, what is -1a - 7f?
-99
In base 4, what is 110 + 11011?
11121
In base 13, what is 41 + -117?
-a6
In base 2, what is -100 + -100111?
-101011
In base 11, what is -13 - -13?
0
In base 12, what is -3 + -11a2?
-11a5
In base 11, what is 117 + 3?
11a
In base 4, what is 32 - 2310?
-2212
In base 14, what is 3 + -3463?
-3460
In base 10, what is -59 + 54?
-5
In base 11, what is -4 + aa?
a6
In base 6, what is 2043 + -12?
2031
In base 16, what is 26 + -1a4?
-17e
In base 4, what is 12 - 20?
-2
In base 3, what is -1122110 + 11?
-1122022
In base 14, what is -2b + 15?
-16
In base 8, what is -213 + -3?
-216
In base 9, what is 1 - -5312?
5313
In base 8, what is -116 + -6?
-124
In base 15, what is 366 + 4?
36a
In base 7, what is -4 + 40532?
40525
In base 7, what is 2 - 3061?
-3056
In base 16, what is -137 - a?
-141
In base 9, what is -2 + 131?
128
In base 12, what is -5 - 3a8?
-3b1
In base 8, what is -3 + 2?
-1
In base 9, what is -134 - -5?
-128
In base 8, what is -22 + 15?
-5
In base 10, what is 0 - 472?
-472
In base 16, what is -15b7 - 1?
-15b8
In base 2, what is 110010 - 11?
101111
In base 9, what is -34 + -102?
-136
In base 8, what is -61 - -17?
-42
In base 8, what is -1 - -1722?
1721
In base 6, what is 1 - -101?
102
In base 2, what is -1101001100 - -100?
-1101001000
In base 7, what is 5 + 644?
652
In base 15, what is 41 + -5?
3b
In base 11, what is 10 - 76?
-66
In base 15, what is -3ae + 5?
-3a9
In base 6, what is -20 + 504?
444
In base 11, what is 1 + 764?
765
In base 8, what is 46 - 0?
46
In base 5, what is -3 - -3403?
3400
In base 5, what is 423 + -3?
420
In base 6, what is 325 + 123?
452
In base 6, what is -12 - 135?
-151
In base 10, what is -4 + -45?
-49
In base 15, what is -a - -4da?
4d0
In base 14, what is 133 + -5?
12c
In base 2, what is 11101100111110 - 101?
11101100111001
In base 4, what is 1 + 2113?
2120
In base 2, what is 101 + 11111?
100100
In base 13, what is 17a9 - 1?
17a8
In base 15, what is -10 - -27?
17
In base 4, what is -20 - -10112?
10032
In base 14, what is 33 + -32?
1
In base 10, what is -367 - -3?
-364
In base 6, what is -5 + -53?
-102
In base 2, what is 10 + 1110001001?
1110001011
In base 12, what is -4 - 7?
-b
In base 15, what is -47 + 6?
-41
In base 2, what is -11101 - -1010?
-10011
In base 13, what is -79 + -32?
-ab
In base 14, what is 42 - 0?
42
In base 14, what is 1 - 20?
-1d
In base 16, what is -4 + -8f?
-93
In base 3, what is 2211 + 2210?
12121
In base 2, what is 110111 + 1?
111000
In base 4, what is -1 + -32323?
-32330
In base 16, what is -c5a - -2?
-c58
In base 2, what is 111110001 - -10010?
1000000011
In base 8, what is 232 - 25?
205
In base 3, what is 11011 - -21?
11102
In base 9, what is 2 + -188?
-186
In base 4, what is -110 + 31?
-13
In base 8, what is -3643 - -1?
-3642
In base 7, what is 33424 - -1?
33425
In base 2, what is 110001001 + -11?
110000110
In base 6, what is 14112 - -3?
14115
In base 11, what is 0 - 142?
-142
In base 8, what is 144 + 13?
157
In base 8, what is -11426 + -5?
-11433
In base 11, what is -3267 + -3?
-326a
In base 16, what is -2a8b + 1?
-2a8a
In base 8, what is 16 + -10?
6
In base 4, what is -230222 + 2?
-230220
In base 4, what is 310 - 0?
310
In base 16, what is -e - 3?
-11
In base 16, what is 0 - 12?
-12
In base 6, what is 21501 - -1?
21502
In base 5